{"id":15,"date":"2019-05-22T11:15:11","date_gmt":"2019-05-22T14:15:11","guid":{"rendered":"https:\/\/demo.everestthemes.com\/gucherry\/?page_id=15"},"modified":"2024-11-13T18:21:17","modified_gmt":"2024-11-13T21:21:17","slug":"sobre-mim","status":"publish","type":"page","link":"https:\/\/cerebrodedireita.com\/?page_id=15","title":{"rendered":"Sobre Mim"},"content":{"rendered":"\n<figure class=\"wp-block-image size-full is-resized\"><img loading=\"lazy\" decoding=\"async\" width=\"924\" height=\"1024\" src=\"https:\/\/cerebrodedireita.com\/wp-content\/uploads\/2024\/11\/image.jpeg\" alt=\"\" class=\"wp-image-745\" style=\"width:182px;height:auto\" srcset=\"https:\/\/cerebrodedireita.com\/wp-content\/uploads\/2024\/11\/image.jpeg 924w, https:\/\/cerebrodedireita.com\/wp-content\/uploads\/2024\/11\/image-271x300.jpeg 271w, https:\/\/cerebrodedireita.com\/wp-content\/uploads\/2024\/11\/image-768x851.jpeg 768w\" sizes=\"auto, (max-width: 924px) 100vw, 924px\" \/><\/figure>\n\n\n\n<p>Me chamo Sara Matsuda Guerra, mais conhecida como Sara Matsuda. Natural de Nil\u00f3polis, Rio de Janeiro e crist\u00e3 de &#8220;ber\u00e7o&#8221;, como costumamos falar quando algu\u00e9m j\u00e1 nasceu em um lar crist\u00e3o. Minha fam\u00edlia \u00e9 a base e o Senhor \u00e9 o meu respirar.<\/p>\n\n\n\n<p>Formada pela Universidade Est\u00e1cio de S\u00e1 em: Turismo e Hotelaria, Com\u00e9rcio Exterior e Rela\u00e7\u00f5es Internacionais. P\u00f3s-graduada pela Universidade C\u00e2ndido Mendes em: Marketing e Gest\u00e3o de Qualidade Empresarial.<\/p>\n\n\n\n<p>Fui Assessora T\u00e9cnica de Programas de Investimentos na Companhia Estadual de Engenharia de Transporte e Log\u00edstica. Atualmente, fa\u00e7o o que mais amo e um dos motivos pelos quais o Senhor me chamou: trabalhar com projetos de estudos pol\u00edticos e sociais.<\/p>\n","protected":false},"excerpt":{"rendered":"<p>Me chamo Sara Matsuda Guerra, mais conhecida como Sara Matsuda. Natural de Nil\u00f3polis, Rio de Janeiro e crist\u00e3 de &#8220;ber\u00e7o&#8221;, como costumamos falar quando algu\u00e9m j\u00e1 nasceu em um lar crist\u00e3o. Minha fam\u00edlia \u00e9&#8230;<\/p>\n","protected":false},"author":2,"featured_media":744,"parent":0,"menu_order":0,"comment_status":"closed","ping_status":"closed","template":"","meta":{"footnotes":""},"class_list":["post-15","page","type-page","status-publish","has-post-thumbnail","hentry"],"_links":{"self":[{"href":"https:\/\/cerebrodedireita.com\/index.php?rest_route=\/wp\/v2\/pages\/15","targetHints":{"allow":["GET"]}}],"collection":[{"href":"https:\/\/cerebrodedireita.com\/index.php?rest_route=\/wp\/v2\/pages"}],"about":[{"href":"https:\/\/cerebrodedireita.com\/index.php?rest_route=\/wp\/v2\/types\/page"}],"author":[{"embeddable":true,"href":"https:\/\/cerebrodedireita.com\/index.php?rest_route=\/wp\/v2\/users\/2"}],"replies":[{"embeddable":true,"href":"https:\/\/cerebrodedireita.com\/index.php?rest_route=%2Fwp%2Fv2%2Fcomments&post=15"}],"version-history":[{"count":8,"href":"https:\/\/cerebrodedireita.com\/index.php?rest_route=\/wp\/v2\/pages\/15\/revisions"}],"predecessor-version":[{"id":746,"href":"https:\/\/cerebrodedireita.com\/index.php?rest_route=\/wp\/v2\/pages\/15\/revisions\/746"}],"wp:featuredmedia":[{"embeddable":true,"href":"https:\/\/cerebrodedireita.com\/index.php?rest_route=\/wp\/v2\/media\/744"}],"wp:attachment":[{"href":"https:\/\/cerebrodedireita.com\/index.php?rest_route=%2Fwp%2Fv2%2Fmedia&parent=15"}],"curies":[{"name":"wp","href":"https:\/\/api.w.org\/{rel}","templated":true}]}}